4283
What are the prime factors of 281315931?
3, 13, 7213229
List the prime factors of 3087632732.
2, 771908183
List the prime factors of 213474726.
2, 3, 11859707
List the prime factors of 233277360.
2, 3, 5, 971989
What are the prime factors of 2009147536?
2, 11, 11415611
What are the prime factors of 32447828?
2, 7, 79, 14669
List the prime factors of 227853661.
7, 557, 58439
List the prime factors of 79142935.
5, 211, 75017
List the prime factors of 179828641.
179828641
What are the prime factors of 1394049968?
2, 929, 93787
List the prime factors of 31790201.
43, 739307
List the prime factors of 98614816.
2, 3081713
List the prime factors of 49745150.
2, 5, 7, 13, 29
What are the prime factors of 43306714?
2, 11, 1968487
List the prime factors of 171522351.
3, 7, 11, 13, 79, 241
What are the prime factors of 74278592?
2, 23, 50461
List the prime factors of 5472821536.
2, 7, 13, 29, 229, 283
List the prime factors of 387751.
7, 13, 4261
What are the prime factors of 876060285?
3, 5, 37, 43, 36709
List the prime factors of 23016011.
17, 19, 71257
List the prime factors of 1450291.
73, 19867
What are the prime factors of 12976938?
2, 3, 13, 55457
List the prime factors of 15864117.
3, 503, 10513
List the prime factors of 2011458493.
11, 919, 198977
What are the prime factors of 1683067787?
8527, 197381
List the prime factors of 40888803.
3, 13629601
List the prime factors of 1023638798.
2, 7, 13, 5624389
What are the prime factors of 6416554882?
2, 3208277441
What are the prime factors of 6071108780?
2, 5, 11, 27595949
List the prime factors of 3245693283.
3, 7, 51518941
What are the prime factors of 6159248420?
2, 5, 13, 23689417
List the prime factors of 5532550958.
2, 11, 17, 14792917
List the prime factors of 1476115136.
2, 199, 115901
What are the prime factors of 2760828222?
2, 3, 47, 1873, 5227
What are the prime factors of 71982317?
11, 19, 18127
What are the prime factors of 91189092?
2, 3, 7599091
What are the prime factors of 196479788?
2, 251, 195697
What are the prime factors of 330587582?
2, 13, 179, 251, 283
List the prime factors of 10863263.
977, 11119
List the prime factors of 79340809.
61, 1300669
List the prime factors of 217924680.
2, 3, 5, 19, 95581
What are the prime factors of 1138804101?
3, 349, 362561
What are the prime factors of 2229974463?
3, 19, 157, 249187
What are the prime factors of 702020660?
2, 5, 11, 3191003
List the prime factors of 6432877900.
2, 5, 64328779
What are the prime factors of 5300325514?
2, 11, 240923887
What are the prime factors of 11402256?
2, 3, 237547
What are the prime factors of 84523117?
7, 887, 13613
What are the prime factors of 42605680?
2, 5, 13, 71, 577
List the prime factors of 60684123.
3, 20228041
List the prime factors of 1819617542.
2, 17, 53518163
List the prime factors of 16968143.
373, 45491
List the prime factors of 339849397.
17, 2663, 7507
List the prime factors of 530097983.
223, 2377121
List the prime factors of 107859851.
11, 179, 54779
What are the prime factors of 759942764?
2, 7, 3877259
List the prime factors of 145491368.
2, 11, 150301
What are the prime factors of 265471195?
5, 11, 1997, 2417
List the prime factors of 469348408.
2, 811, 72341
What are the prime factors of 73589305?
5, 23, 639907
List the prime factors of 248473832.
2, 2333, 13313
List the prime factors of 1194989407.
37, 829, 38959
What are the prime factors of 8265864?
2, 3, 283, 1217
What are the prime factors of 109773609?
3, 11, 167, 19919
What are the prime factors of 19059750?
2, 3, 5, 43, 197
What are the prime factors of 1267798798?
2, 7, 90557057
List the prime factors of 184969807.
11, 19, 885023
List the prime factors of 917441453.
917441453
What are the prime factors of 117870951?
3, 11, 3571847
What are the prime factors of 2909974351?
67, 43432453
List the prime factors of 144200731.
23, 29, 41, 5273
What are the prime factors of 2007144524?
2, 7, 11, 6516703
List the prime factors of 312156822.
2, 3, 17, 3060361
What are the prime factors of 52782419?
52782419
List the prime factors of 47151047.
17, 2773591
List the prime factors of 26189472.
2, 3, 272807
List the prime factors of 450774386.
2, 225387193
What are the prime factors of 67282930?
2, 5, 11, 13, 47051
List the prime factors of 1674729794.
2, 837364897
List the prime factors of 90623830.
2, 5, 11, 139, 5927
What are the prime factors of 4784358917?
13, 227, 307, 5281
What are the prime factors of 1590474983?
599, 2655217
What are the prime factors of 866900303?
866900303
What are the prime factors of 671181366?
2, 3, 111863561
What are the prime factors of 130381629?
3, 7, 19, 31, 83, 127
List the prime factors of 167687047.
11, 15244277
What are the prime factors of 42564267?
3, 431, 10973
What are the prime factors of 47232685?
5, 23, 31, 13249
List the prime factors of 2349353192.
2, 19, 79, 97, 2017
What are the prime factors of 1425379984?
2, 7, 1151, 11057
List the prime factors of 3888856757.
2111, 1842187
What are the prime factors of 743950645?
5, 148790129
List the prime factors of 28908581.
13, 37, 60101
What are the prime factors of 701349446?
2, 7, 7156627
List the prime factors of 2627956922.
2, 2699, 486839
What are the prime factors of 690919949?
690919949
What are the prime factors of 67807195?
5, 13561439
What are the prime factors of 1779695331?
3, 79, 7509263
What are the prime factors of 53281095?
3, 5, 7, 31, 16369
What are the prime factors of 2500732337?
47, 53, 1003907
List the prime factors of 34173737.
13, 2628749
What are the prime factors of 1546666362?
2, 3, 439, 195731
List the prime factors of 306525691.
17, 18030923
What are the prime factors of 738158781?
3, 246052927
List the prime factors of 60388530.
2, 3, 5, 2012951
What are the prime factors of 1777252984?
2, 13, 17088971
What are the prime factors of 1455327731?
11, 13, 10177117
List the prime factors of 2826620069.
7, 13, 37, 503, 1669
What are the prime factors of 186252307?
19, 43, 277, 823
List the prime factors of 6340275097.
13, 173, 2819153
What are the prime factors of 154168452?
2, 3, 4282457
List the prime factors of 28740234.
2, 3, 17, 281767
What are the prime factors of 7280187646?
2, 79, 167, 275911
What are the prime factors of 1017056280?
2, 3, 5, 17, 498557
What are the prime factors of 65244062?
2, 13, 17, 19, 457
What are the prime factors of 113831335?
5, 211, 107897
What are the prime factors of 96273372?
2, 3, 13, 61, 67, 151
What are the prime factors of 184191593?
184191593
What are the prime factors of 35219214?
2, 3, 439, 4457
List the prime factors of 179302017.
3, 59767339
What are the prime factors of 607936995?
3, 5, 79, 19001
What are the prime factors of 4698590155?
5, 7, 19177919
List the prime factors of 148492392.
2, 3, 167, 37049
What are the prime factors of 170200682?
2, 85100341
List the prime factors of 192353585.
5, 457, 84181
List the prime factors of 1245298124.
2, 7, 44474933
List the prime factors of 497933419.
6203, 80273
What are the prime factors of 76311824?
2, 41, 116329
List the prime factors of 506019590.
2, 5, 19, 1237, 2153
What are the prime factors of 748150562?
2, 59, 613, 10343
What are the prime factors of 2952960512?
2, 5767501
What are the prime factors of 197757554?
2, 29, 821, 4153
What are the prime factors of 941487250?
2, 5, 11, 342359
List the prime factors of 18018895.
5, 17, 59, 3593
List the prime factors of 4569046219.
59069, 77351
List the prime factors of 205742886.
2, 3, 1471, 23311
What are the prime factors of 129252741?
3, 6521, 6607
List the prime factors of 195903032.
2, 13, 587, 3209
What are the prime factors of 2037515320?
2, 5, 223, 228421
List the prime factors of 1062837958.
2, 7, 13, 23, 19531
What are the prime factors of 2368031?
157, 15083
List the prime factors of 53343914.
2, 13, 2051689
List the prime factors of 501261643.
17, 2039, 14461
List the prime factors of 3299279380.
2, 5, 1747, 94427
What are the prime factors of 573026?
2, 286513
List the prime factors of 103315000.
2, 5, 20663
What are the prime factors of 296244389?
7, 293, 144439
What are the prime factors of 45521821?
43, 353, 2999
List the prime factors of 224151378.
2, 3, 11, 3396233
What are the prime factors of 89488430?
2, 5, 157, 56999
List the prime factors of 